g).
2
Let q(i) be the third derivative of -1/60*i**5 + 0 - 1/40*i**6 + 6*i**2 - 1/6*i**3 + 0*i + 1/24*i**4. Let b = -3144 - -3145. What is q(b)?
-4
Let i(u) = 2*u**3 + 18*u**2 - 3*u - 23. Let v be i(-9). Let n be 8/(-6)*(-5 + (15 - v)). Let j(w) = -w**2 - 9*w - 8. Calculate j(n).
0
Suppose -23 - 10 = -3*n. Let v = n + -7. Suppose 0 = 12*x - v*x. Let g(a) = a**2 - a + 2. Give g(x).
2
Suppose 0 = -2*a - 5*v - 8 + 47, 4*v = 20. Suppose 3*q - 8 = a. Let p(u) = -q*u + 3*u - 7 + 4*u - u. Give p(0).
-7
Let h = -3717 + 3720. Let s(k) = -3*k**3 + 13*k**2 - 11*k + 4. Determine s(h).
7
Let c(v) be the second derivative of v**3/6 + 3*v**2/2 + 27*v - 5. Determine c(5).
8
Let k(s) be the second derivative of s**6/240 - 5*s**5/24 - 7*s**4/12 - 259*s. Let y(m) be the third derivative of k(m). Determine y(10).
5
Let u(q) = -4 + 2 - 4*q + q**3 + 0 + 232*q**2 - 226*q**2 + 11. Let z = 8 + -7. Suppose 2*p = -15 + z. Determine u(p).
-12
Let r(g) = -6*g**2 - 3 + 6*g - 11*g - g - g**3. Let s(x) = -x**3 - 38*x**2 - 35*x + 93. Let l be s(-37). Suppose l*n = 8*n - 44. Determine r(n).
-11
Let t(d) = 43 + 60 + d - 132 - 2*d + 28. Let o = 1 + 0. Let q = 3 - o. Give t(q).
-3
Let t(p) be the third derivative of p**7/1680 + p**6/720 - 17*p**5/60 - p**4/24 - 4*p**2 + 3*p. Let r(s) be the third derivative of t(s). What is r(6)?
19
Let a(r) = 8*r**2 + 16*r + 134. Let b(f) = 5*f**2 + 8*f + 67. Let t(l) = -3*a(l) + 5*b(l). Determine t(-5).
-2
Let s(c) = -155 + 425 + 0*c**2 - c**2 - 144 - 12*c - 142. Give s(-11).
-5
Suppose 5 - 8 = -3*g. Suppose -2*l - g = -11. Let x(h) = -h + 10. Give x(l).
5
Let d = -1 + 2. Let y(q) = -d - 2 + 2 + q + 0*q. Suppose 335*f - 36 = 329*f. What is y(f)?
5
Let x(j) = j + 2. Let v be x(-7). Let i(s) = s**2 - 5*s + 1. Let b(z) = 6*z - 3 - 4 - z**2 + 10 - 4. Let a(r) = v*b(r) - 6*i(r). What is a(-3)?
-10
Let b(x) = -x. Suppose -10*c + 131 = -39. Suppose c*a + 80 = -39. Determine b(a).
7
Let x(m) = -13*m - 108. Let t(k) = -8*k - 69. Let j(f) = -8*t(f) + 5*x(f). What is j(-6)?
18
Let j(w) = -14*w**2 - 571*w + 134. Let d be j(-41). Let n(t) = 4 + 20 + 3*t - 2*t - 3*t. Calculate n(d).
2
Let h(n) = -7*n - 3. Let b(y) = 3*y**3 + 42*y**2 - 50*y - 83. Let i be b(-15). Determine h(i).
53
Let w(q) be the third derivative of -q**4/12 - 2*q**3/3 + 3*q**2 + 5*q - 94. Suppose -15 = -3*p - 5*d, 10*d + 20 = 4*p + 5*d. Calculate w(p).
-14
Let t(m) = -m**3 + 29*m**2 + 103*m - 234. Let s be t(32). Let v(w) = -2*w**2 - 24*w - 27. What is v(s)?
13
Suppose 742*o = 58*o - 5472. Let k(u) be the second derivative of -u**5/20 - 3*u**4/4 - 7*u**3/6 + 5*u**2 + u. Give k(o).
2
Let g(h) be the third derivative of 0*h - 1/24*h**4 - 40*h**2 + 0 - 1/2*h**3. Determine g(2).
-5
Suppose 5*o = 5*o - 4*o. Suppose -4*q - 4*v = 0, o = -2*q - 2*v + 4*v. Let l(f) = f - 3. Determine l(q).
-3
Let y be (24 - 22)/((-4)/(-6)). Let k(i) = y*i + 74 + i - 64 - 6*i. Calculate k(-9).
28
Let q(p) = 6*p**2 - 30934*p**3 - 11*p + 4 + 6*p**2 + 30933*p**3. What is q(11)?
4
Let c(z) = 3*z + 19. Let r be 5/((-230)/464) + 156/1794. Give c(r).
-11
Let l(g) = -3*g - 9. Let y(w) = -53 - 35 - 38 - 7*w - 55*w + 0*w - 2*w**2. Let b be y(-29). Determine l(b).
21
Let w(x) = -8*x + 32. Let g be (4/(-10)*-5)/((-8)/20)*-1. Give w(g).
-8
Let w(t) = t**2 - t - 5. Let h be 1*-8*(-6)/24. Suppose -7*i - 20 = -h*i, -3*i = 2*v + 4. Determine w(v).
7
Let q(x) be the third derivative of -59*x**6/120 - x**5/60 + x**4/12 - x**3/6 - x**2 + 3941*x. Give q(1).
-59
Suppose -23 = 4*v - 39. Suppose 0*i - 5*i = v*k - 147, 0 = 2*k - 6. Let s(o) = -21*o**3 - 1 + i*o**3 + 15*o**2 - 13*o**2. Determine s(1).
7
Let z(k) = -9041 + 2*k**2 - k**2 + 9035. Let i be 2 + (-16)/((-6)/(-3)). Determine z(i).
30
Let v(a) = -a**2 - 3*a + 8. Let t be v(-4). Suppose s + s = t. Let y(r) be the second derivative of -r**4/12 - r**3/6 + r**2/2 - 7*r. Calculate y(s).
-5
Let w(n) = n**2 + 2*n - 3. Let a(l) = 5*l + 75. Let x be a(-6). Let u be x/(-10) - (-4 - 21/(-6)). Calculate w(u).
5
Let r(y) = -y**3 + 6*y**2 - 7*y + 41. Let u be r(6). Let d(z) be the third derivative of -z**5/20 - z**3/6 - 24*z**2 + z. Calculate d(u).
-4
Let s(h) be the second derivative of -h**5/120 + 5*h**4/24 - h**3/3 + 21*h**2 + 88*h - 1. Let k(d) be the second derivative of s(d). Calculate k(9).
-4
Let x(w) be the first derivative of w**3 - 15*w**2/2 + 14*w - 351. Determine x(6).
32
Let d(g) be the third derivative of g**5/12 - 11*g**4/12 + 7*g**3/2 + 57*g**2 + 32*g. Give d(1).
4
Let y(u) = -4 - 25306*u + 50604*u - u**2 - 25303*u. Calculate y(-8).
-28
Suppose 0 = 4*l - 9*l - 2*h + 316, -5*h - 233 = -4*l. Let p = 76 - l. Let s be 20/28 - 1 - (-46)/p. Let q(n) = n**3 - 3*n**2 - 3*n + 4. Determine q(s).
-5
Let r(l) = l**2 + 5*l - 6. Let k = 36 - 20. Let y be 31/4 + k/64. Suppose -2*n + y = 20. Calculate r(n).
0
Let c(y) = y**3 - 9*y**2 + y - 8. Suppose 5*l + 27*u = 30*u + 307, 5*l - 4*u - 306 = 0. Suppose -188 = -14*q - l. Give c(q).
1
Let p(u) be the third derivative of -7*u**4/24 + u**3/2 + 848*u**2. Calculate p(-3).
24
Let y(o) = -1071 + 545 + 22*o**2 + o**3 + 554 + o. Calculate y(-22).
6
Let x be 12/5 - 6/(-10). Let w(p) = -p**2 - 2*p + 4. Let l(v) = -v**2 - 5*v + 9. Let i be 4*-3 + (-9 - -14). Let c(r) = i*w(r) + x*l(r). What is c(-1)?
4
Let g(i) = -i**3 + i**2 + 23. Let x(f) = -2*f - 34. Let l(j) = 2*j - 7. Let v be l(5). Suppose -v*b - 28 = 23. Let a be x(b). Calculate g(a).
23
Let j(l) = l**2 - 6*l + 4. Let i(f) = f**3 - f**2 - 8*f + 12. Suppose -40*b - 19 + 139 = 0. Let g be i(b). Calculate j(g).
4
Let f(u) = 50 - 15 - 32 + 6 + 3*u. Calculate f(-11).
-24
Let j(c) = -c + 1. Let a(v) = -3*v - 3. Let l(z) = z. Let w(n) = a(n) + 6*l(n). Let q(h) = -8*j(h) - 3*w(h). Let f = 235 - 240. What is q(f)?
6
Let x(q) be the third derivative of 0*q - 1/120*q**6 + 1/60*q**5 + 0 + 0*q**3 - 52*q**2 - 1/24*q**4. Calculate x(2).
-6
Suppose -3*j - 12 = 0, -50*q + 52*q - 66 = 5*j. Let r(f) = -2*f + 47. What is r(q)?
1
Let p(l) = -2*l + 1. Suppose -d + 37 - 32 = 0. Suppose -43*k - d*k = -288. What is p(k)?
-11
Let b(u) = u**3 + 6*u**2 - 9*u - 6. Let o be b(-7). Let s be (2 + -2 + -1)*o. Let m(q) = -77 - 80 + 303 - 72 - 72 + 2*q. Calculate m(s).
-14
Let s be 9 + 3 - (3 + -4). Let m(r) be the first derivative of -r**2/2 + 16*r + 52. Calculate m(s).
3
Let l(s) = -5*s - 114. Let r = 5951 + -5973. What is l(r)?
-4
Let g(d) = -d**2 + 11*d - 10. Suppose -3*b + 15 = -966*w + 967*w, 5 = b - 4*w. What is g(b)?
20
Let i(k) = -93 + 211*k - 111*k - 95*k. Determine i(17).
-8
Suppose 4*w + 2*f = 2, 3*w - f = -4*f + 3. Let r(p) = w*p + 2115 - 2115 + p. Let b(x) = x - 7. Let i be b(6). Calculate r(i).
-1
Let z(n) = -2*n - 8. Let u(x) = 13*x**2 - 14*x + 3. Let t(l) = -11*l**2 + 15*l - 2. Let w(r) = 3*t(r) + 2*u(r). Let i be w(1). Give z(i).
-28
Let j(d) = d**3 + 7 - 22*d**2 + 3*d + 14*d**2 - 6 + 5*d**2. Give j(4).
29
Let w(j) = 2*j**2 - 10*j - 17. Suppose -14*r - 3 = -17*r + 3*m, 5*r - m - 25 = 0. Determine w(r).
-5
Suppose 0 = m - 22*l + 18*l + 19, -4*m + 50 = 5*l. Let c(a) be the first derivative of 1/4*a**4 + m + 2*a**3 + 5/2*a**2 + 3*a. Determine c(-4).
15
Let a(z) be the second derivative of 1/20*z**5 + 13/6*z**3 + 84*z + 0 + 7/6*z**4 - z**2. Determine a(-13).
-2
Let l(i) = -i**3 - 8*i**2 + 13*i + 8. Let j = -5062 + 5053. Give l(j).
-28
Let x(w) be the third derivative of w**8/20160 + 11*w**7/5040 - w**6/180 - 109*w**5/60 - 20*w**2 + 3*w. Let s(u) be the third derivative of x(u). Give s(-12).
8
Suppose 12*r - 21 = -117. Let k be 12/8*(r - 64/(-6)). Let a(t) = -9 + 7*t + 3 - t**3 + t**2 + t**2. Calculate a(k).
-10
Suppose -5*x + 18 = -2*x - 5*b, 0 = -2*b + 6. Let a(l) = -2 - 69*l - x + 68*l. Give a(-7).
-6
Let h(p) = -5*p**2 + 13*p + 18. Let z(w) = -w**2 + 2. Let f(i) = -h(i) + 4*z(i). Let x be f(14). Let u(c) = c**3 - 5*c**2 + 2*c - 6. What is u(x)?
-14
Let l(z) = -2*z**3 - 15*z**2 + z - 4. Suppose -5469*q + 77 = -5480*q. What is l(q)?
-60
Let h be (-24)/(-60) - 206/(-10). Suppose 0 = -q + 5*w - h, -5*q - w - 24 = w. Let p(t) = -7*t**2 + 46*t**3 + 51*t**3 - 4*t - 98*t**3 - 6. Calculate p(q).
-18
Suppose 4*p + 3*c - 37 + 13 = 0, p = -4*c + 19. Let o(h) = -2 + 45*h**2 + 45*h**2 - 93*h**2 + 3*h - h**p. Calculate o(-4).
2
Let o be (-56)/(-26) - 7/91*2. Let w(y) = -y**3 - 7*y + 13*y**o - 18 + 15*y - 6*y - 3*y - 10*y. Give w